= u - c, 3*u - 4*c = -2*c - 2. What is the hundreds digit of a(u)?
2
Suppose -a = 2*a + 45. What is the tens digit of (-372)/a*(-5)/(-2)?
6
Let a(g) = 6*g. Let c = 17 + -18. Let w be a(c). Let i = 15 + w. What is the units digit of i?
9
Let l(s) = s + 5. Let m be l(-6). What is the tens digit of 4*97/4 - 1*m?
9
Suppose -7*p = -13*p + 1368. What is the hundreds digit of p?
2
Let a = 1 - -35. Suppose -2*s - a = 3*s + 2*d, 27 = -5*s + d. Let w(l) = -l**3 - 6*l**2 - l - 5. What is the units digit of w(s)?
1
Suppose -7 - 8 = -3*v. Let w be (0 - v)/((-1)/1). Suppose -2*a = w + 5, -a + 35 = 5*m. What is the units digit of m?
8
Let f(u) = 49*u + 172. What is the thousands digit of f(28)?
1
Let f = -23 + 56. Let o = 13 + f. What is the units digit of o*(-1)/(4/(-2))?
3
Let j(h) = -12*h + 571. What is the units digit of j(7)?
7
Let r be 420/75 + 3/(-5). Suppose -r + 115 = k + 3*v, -116 = -k - v. What is the tens digit of k?
1
Suppose -4*y - 3*n = 149 + 266, -309 = 3*y + 3*n. Let k = -41 - y. What is the units digit of k?
5
Suppose w = 2*w + 4*h - 18, 0 = 5*w - 4*h + 6. What is the tens digit of (-1*(-1 + -5))/(w/30)?
9
Let n = -257 + 823. What is the tens digit of n?
6
Let n = -23 - -31. Let a(s) = 5*s + 7. Let w be a(n). Let c = w + -24. What is the units digit of c?
3
Let a be (-1 + 1)/(0 + -1). Suppose 5*c = u + 5 + 1, 3*c - 6 = a. Suppose 2*n + 35 = m - u, -3*n - 37 = -m. What is the tens digit of m?
4
Let h be 3 - 4*(-3)/6. Suppose -h*p + 159 = -2*p. What is the tens digit of p?
5
Let f(l) = 47*l - 1. Let q be f(-1). Suppose 5*m - 764 + 254 = 0. Let v = q + m. What is the units digit of v?
4
Let h be (-15)/(-2)*16/(-12). What is the units digit of 126/(-35)*h/4?
9
Let w = -392 + 164. Let j = 444 + w. What is the hundreds digit of j?
2
Let d(t) = -t**3 - 12*t**2 + 12*t - 9. Let s be d(-13). What is the tens digit of 368/(-24)*((-18)/s)/1?
6
Suppose 3610 = 3*j - 539. What is the tens digit of j?
8
What is the tens digit of 243*((-75)/(-90) - 2/(-12))?
4
Suppose -2*h - 2*t + 1009 = 285, -4*h + 1476 = -3*t. What is the hundreds digit of h?
3
Let w = -26 + 30. Suppose 5*c = 3*s + 126, 3*s + 30 = w*c - 3*c. What is the units digit of c?
4
Let o be -7 + 5/(10/6). Suppose -2 - 11 = -2*s - 3*m, 3*s = 3*m + 12. What is the tens digit of o/20 + 86/s?
1
Suppose -112 = 81*a - 85*a. What is the units digit of a?
8
Let q = 446 + -364. What is the tens digit of q?
8
Let g = -54 - -86. Suppose c - g = 11. What is the units digit of c?
3
Suppose -3 = -x + n, -4*x + 2*n = -0*x - 12. Let m(y) = 5 + 3*y**2 - 4*y**2 + 3*y + 0 - 4. What is the units digit of m(x)?
1
Let x = -767 - -782. What is the tens digit of x?
1
Suppose 3*i - 93 = -4*k, -k + 76 = 2*k - 4*i. What is the units digit of k/32 - (-130)/8?
7
Let r = 1183 - 395. What is the units digit of r?
8
Suppose 7439 = 12*n - 6325. What is the thousands digit of n?
1
Let z be (-2)/(3/1 + -5). Suppose 0 = -b - z + 47. Let f = b + -26. What is the units digit of f?
0
Let z(i) be the third derivative of i**4/8 - 17*i**3/6 + 3*i**2. Let h be z(7). Suppose h*c + 65 = 5*c. What is the units digit of c?
5
Let f(d) = -3*d. Let z(i) = -3*i**2 + 1. Let u be z(-1). Let l be f(u). Let m = l - -32. What is the units digit of m?
8
What is the tens digit of (-1 + -3 + 1)*(-4263)/147?
8
Suppose 4*y = -2*j, 0*j = 4*j + 16. Suppose 3*i + 12 = -y*o, o - 2*i = -0*i + 8. Let p = 18 - o. What is the tens digit of p?
1
Let a = -290 - -894. What is the units digit of a?
4
Let x(a) be the first derivative of -a**2/2 + 4*a - 1. Let m be (-3)/(6/8)*2. What is the units digit of x(m)?
2
Let v(b) = -b**2 + 3*b + 4. Let l(o) = o**2 - 2*o - 4. Let s(p) = 2*l(p) + 3*v(p). Let h be s(6). What is the units digit of 2/h*-8*1?
8
Suppose 9 = -6*g + 273. Suppose 64 = 4*l - g. What is the tens digit of l?
2
Let t be (-30)/(-165) + (-1 - (-9)/11). What is the units digit of 19 + (6 - t) + 1*2?
7
Let a(q) be the first derivative of q**3/3 + 167*q - 7. Let o be a(0). Suppose 0 = 3*x + 8 - o. What is the units digit of x?
3
What is the units digit of 2/8*(-1164)/(-6)*26?
1
Let m(h) be the second derivative of -5*h**3/3 - h**2 + 3*h - 1. Let f = 0 + -5. What is the tens digit of m(f)?
4
Let m = 1242 - 882. What is the hundreds digit of m?
3
Let h(v) = 3*v + 4. Let p be h(1). Suppose 0 = -p*s - 8*s + 4095. What is the units digit of s?
3
Let k(a) = a**3 + 9*a**2 - 8*a + 10. Let g be ((-5)/4)/((-1)/(-8)). Let x be k(g). What is the units digit of (-549)/(-45) + 2/x?
2
Suppose 8*k - 508 = 516. Let c = k - 38. What is the tens digit of c?
9
What is the thousands digit of 4/(20/8957) - 114/285?
1
Let x(g) = 29*g**2 + 27*g + 37. What is the thousands digit of x(-9)?
2
Let d be 4 + (-13)/((-39)/1332). Suppose -9*x + 5*x = -d. Suppose -5*s = -4*y - x, -57 = 2*s - 5*s - y. What is the units digit of s?
0
Suppose 4*u - 4*p = 204, -3*u + 127 + 26 = -2*p. Suppose 53*g - 132 = u*g. What is the tens digit of g?
6
Suppose -4*o - 6 = q - 3*o, 2*o = 2*q + 12. Let i(f) = -28*f + 54*f - 12 - 29*f. What is the units digit of i(q)?
6
Let u be (-28050)/34*(-14)/6. Suppose 10*x = u + 135. What is the hundreds digit of x?
2
Let g = 3312 + -1939. What is the thousands digit of g?
1
Suppose -241 = -3*m + k, -319 = -4*m + 2*k - 1. What is the tens digit of m?
8
What is the hundreds digit of (318 + 6)/((-16)/(-40))?
8
Suppose -2*g = -117 - 23. Let l be ((-3)/(-2))/(5/g). Suppose l = 2*r + r. What is the units digit of r?
7
Let m be (-8)/2 - -733 - (4 + -1). Suppose 5*g = g + 3*j + m, 0 = -3*g + 5*j + 550. What is the hundreds digit of g?
1
Let r = 986 + -494. Suppose 22*n = 18*n + r. What is the hundreds digit of n?
1
Suppose 0 = 3*m + 6*f - 2*f + 28, 0 = -5*m + 6*f + 4. Suppose 69 = -2*q - 3*l, 2*l = -4*q - 0*l - 158. What is the units digit of (38/m)/(7/q)?
7
Suppose -3*v + 756 = -3*a, 17*a = 2*v + 20*a - 519. What is the units digit of v?
5
Suppose -29*r + 32*r + 27 = 0. Let o = 15 + r. What is the units digit of o?
6
Let j be (-4 - (-57)/6)*172/2. Suppose j = 4*p + q, -4*p - 4*q + 137 = -3*p. What is the units digit of p?
7
Suppose 5*s + 0*s + 5*m = 1900, 4*s = 4*m + 1528. Suppose 0*v + 3*v = s. What is the hundreds digit of v?
1
Let o(u) = 6*u + 4. Let f(t) = t**3 + t**2 + 6. Let c be f(0). Suppose 9*d = c*d + 15. What is the units digit of o(d)?
4
Let w(c) = 34*c + 629. What is the tens digit of w(-6)?
2
Let n = -469 + 940. What is the units digit of n?
1
Let i(u) = u**3 - 4*u**2 + 2*u + 4. Let d be i(3). Suppose 4*x + m + 10 = 0, -d = 2*x - m + 7. Let h = x + 25. What is the units digit of h?
2
Let h be ((-968)/(-12))/2 + 6/9. Suppose -5*j + h = o - 136, -o + 209 = -3*j. What is the units digit of o?
7
Let s = 167 + 20. Suppose -11*y = -1276 + s. What is the tens digit of y?
9
Let k be 2 - ((-48)/(-3))/(-4). Let w(c) = 2*c - 12. Let o be w(k). Suppose d + 0 = -s + 17, -3*d + 4*s + 72 = o. What is the units digit of d?
0
Let q(h) = -6*h**3 + 24*h**2 - 2*h + 5. Let m(u) = -7*u**3 + 26*u**2 - 3*u + 7. Let l(c) = -4*m(c) + 5*q(c). Let g = 21 + -13. What is the tens digit of l(g)?
1
Let f = 23 - 19. Let w be (f/(-5))/((-4)/(-70)). Let l = 23 + w. What is the units digit of l?
9
Let l(a) = 16*a**2 - a + 2. Suppose 18 = 5*c - 3*f, f + 8 + 5 = 4*c. What is the hundreds digit of l(c)?
1
Suppose -7*t = -15 - 13. Suppose t*q - 5*u = 443, 2 = u + u. What is the units digit of q?
2
Suppose 3*k - 4*g = k + 150, -k - g + 75 = 0. Suppose 15 = j - k. What is the units digit of j?
0
Let f be -4 - -10*1/2. Let d = -1 + f. Suppose 3*i + 52 - 217 = d. What is the units digit of i?
5
Suppose -61*a = -57*a - 2580. What is the units digit of a?
5
Suppose 0 = 17*h + 3*h - 23480. What is the tens digit of h?
7
Let g(f) = -2*f**2 + 7*f + 17. Let o(h) = -h**2 + 4*h + 8. Let c(n) = 2*g(n) - 5*o(n). Suppose -2 = -i + 7. What is the tens digit of c(i)?
2
Suppose -4*c - 5*s = 29, -s - 2*s = 2*c + 15. Let i be (8/14)/(c/(-21)). Suppose 38 = i*x - 0*x. What is the units digit of x?
9
Let f be ((-2)/(-4))/((1 - 0)/24). Suppose -2*j - 3*x = x - 4, 3*x = j - f. What is the units digit of j?
6
Suppose -m - 147 = -b, -b + 154 - 5 = m. Suppose i = -2*y + b, -2*i = 3*i - 5*y - 665. What is the hundreds digit of i?
1
Suppose -3*n + 14 = 5*x - n, -3*n - 29 = -5*x. Suppose 0 = 4*f - d - 40, d - x = 2*d. What is the uni